{"id":2531,"date":"2026-03-30T12:46:31","date_gmt":"2026-03-30T12:46:31","guid":{"rendered":"https:\/\/agdespacevert.com\/?page_id=2531"},"modified":"2026-03-30T13:03:16","modified_gmt":"2026-03-30T13:03:16","slug":"mentions-legales","status":"publish","type":"page","link":"https:\/\/agdespacevert.com\/index.php\/mentions-legales\/","title":{"rendered":"Mentions l\u00e9gales"},"content":{"rendered":"\t\t<div data-elementor-type=\"wp-page\" data-elementor-id=\"2531\" class=\"elementor elementor-2531\">\n\t\t\t\t<div class=\"elementor-element elementor-element-76a90f0 e-flex e-con-boxed wpr-particle-no wpr-jarallax-no wpr-parallax-no wpr-sticky-section-no e-con e-parent\" data-id=\"76a90f0\" data-element_type=\"container\" data-e-type=\"container\" data-settings=\"{&quot;background_background&quot;:&quot;classic&quot;}\">\n\t\t\t\t\t<div class=\"e-con-inner\">\n\t\t<div class=\"elementor-element elementor-element-6f9c9249 e-con-full e-flex wpr-particle-no wpr-jarallax-no wpr-parallax-no wpr-sticky-section-no e-con e-child\" data-id=\"6f9c9249\" data-element_type=\"container\" data-e-type=\"container\" data-settings=\"{&quot;background_background&quot;:&quot;classic&quot;}\">\n\t\t<div class=\"elementor-element elementor-element-21ec2cac e-con-full e-flex wpr-particle-no wpr-jarallax-no wpr-parallax-no wpr-sticky-section-no e-con e-child\" data-id=\"21ec2cac\" data-element_type=\"container\" data-e-type=\"container\">\n\t\t\t\t<div class=\"elementor-element elementor-element-328dce31 elementor-widget elementor-widget-image\" data-id=\"328dce31\" data-element_type=\"widget\" data-e-type=\"widget\" data-widget_type=\"image.default\">\n\t\t\t\t\t\t\t\t\t\t\t\t\t\t\t\t<a href=\"https:\/\/agdespacevert.com\/\">\n\t\t\t\t\t\t\t<img fetchpriority=\"high\" decoding=\"async\" width=\"389\" height=\"397\" src=\"https:\/\/agdespacevert.com\/wp-content\/uploads\/2026\/02\/LOGO2026-1.png\" class=\"attachment-full size-full wp-image-2074\" alt=\"\" srcset=\"https:\/\/agdespacevert.com\/wp-content\/uploads\/2026\/02\/LOGO2026-1.png 389w, https:\/\/agdespacevert.com\/wp-content\/uploads\/2026\/02\/LOGO2026-1-294x300.png 294w\" sizes=\"(max-width: 389px) 100vw, 389px\" \/>\t\t\t\t\t\t\t\t<\/a>\n\t\t\t\t\t\t\t\t\t\t\t\t\t\t\t<\/div>\n\t\t\t\t<\/div>\n\t\t\t\t<\/div>\n\t\t\t\t\t<\/div>\n\t\t\t\t<\/div>\n\t\t<div class=\"elementor-element elementor-element-9a12f2a e-flex e-con-boxed wpr-particle-no wpr-jarallax-no wpr-parallax-no wpr-sticky-section-no e-con e-parent\" data-id=\"9a12f2a\" data-element_type=\"container\" data-e-type=\"container\" data-settings=\"{&quot;background_background&quot;:&quot;classic&quot;}\">\n\t\t\t\t\t<div class=\"e-con-inner\">\n\t\t<div class=\"elementor-element elementor-element-1536b97 e-con-full e-flex wpr-particle-no wpr-jarallax-no wpr-parallax-no wpr-sticky-section-no e-con e-child\" data-id=\"1536b97\" data-element_type=\"container\" data-e-type=\"container\" data-settings=\"{&quot;background_background&quot;:&quot;classic&quot;}\">\n\t\t\t\t<div class=\"elementor-element elementor-element-9946262 elementor-widget__width-initial elementor-widget elementor-widget-text-editor\" data-id=\"9946262\" data-element_type=\"widget\" data-e-type=\"widget\" data-widget_type=\"text-editor.default\">\n\t\t\t\t\t\t\t\t\t<p><strong>\u00c9diteur du site<\/strong><br \/>Le pr\u00e9sent site est \u00e9dit\u00e9 par : E.I GUILLEMOT AURELIEN<br \/>Statut : Entreprise individuelle<br \/>Adresse : 302 ROUTE DES MONTS DU LYONNAIS 69440 CHABANIERE<br \/>SIRET : 89269054600023<br \/>Email : agdrev.tz@gmail.com<br \/>T\u00e9l\u00e9phone : 06 56 77 67 71<\/p>\t\t\t\t\t\t\t\t<\/div>\n\t\t\t\t<\/div>\n\t\t<div class=\"elementor-element elementor-element-987d8e5 e-con-full e-flex wpr-particle-no wpr-jarallax-no wpr-parallax-no wpr-sticky-section-no e-con e-child\" data-id=\"987d8e5\" data-element_type=\"container\" data-e-type=\"container\" data-settings=\"{&quot;background_background&quot;:&quot;classic&quot;}\">\n\t\t\t\t<div class=\"elementor-element elementor-element-07152bc elementor-widget__width-initial elementor-widget elementor-widget-text-editor\" data-id=\"07152bc\" data-element_type=\"widget\" data-e-type=\"widget\" data-widget_type=\"text-editor.default\">\n\t\t\t\t\t\t\t\t\t<p><strong>Prestataire<\/strong><br \/>Cr\u00e9ation technique et design par : STUDIO TECH\u2019AILES<br \/>Statut : Auto-entrepreneur<br \/>Adresse : 390 chemin de Chateaubourg 69390 Millery<br \/>SIRET : 49088054900020<br \/>Email : contact@tech-ailes.com<\/p>\t\t\t\t\t\t\t\t<\/div>\n\t\t\t\t<\/div>\n\t\t<div class=\"elementor-element elementor-element-33a8c48 e-con-full e-flex wpr-particle-no wpr-jarallax-no wpr-parallax-no wpr-sticky-section-no e-con e-child\" data-id=\"33a8c48\" data-element_type=\"container\" data-e-type=\"container\" data-settings=\"{&quot;background_background&quot;:&quot;classic&quot;}\">\n\t\t\t\t<div class=\"elementor-element elementor-element-8b3f7e6 elementor-widget__width-initial elementor-widget elementor-widget-text-editor\" data-id=\"8b3f7e6\" data-element_type=\"widget\" data-e-type=\"widget\" data-widget_type=\"text-editor.default\">\n\t\t\t\t\t\t\t\t\t<p><strong>H\u00e9bergement<\/strong><br \/>Le site est h\u00e9berg\u00e9 par : OVH<br \/>2 rue Kellermann 59100 Roubaix<\/p>\t\t\t\t\t\t\t\t<\/div>\n\t\t\t\t<\/div>\n\t\t<div class=\"elementor-element elementor-element-81bc9ff e-con-full e-flex wpr-particle-no wpr-jarallax-no wpr-parallax-no wpr-sticky-section-no e-con e-child\" data-id=\"81bc9ff\" data-element_type=\"container\" data-e-type=\"container\" data-settings=\"{&quot;background_background&quot;:&quot;classic&quot;}\">\n\t\t\t\t<div class=\"elementor-element elementor-element-484dc3d elementor-widget__width-initial elementor-widget elementor-widget-text-editor\" data-id=\"484dc3d\" data-element_type=\"widget\" data-e-type=\"widget\" data-widget_type=\"text-editor.default\">\n\t\t\t\t\t\t\t\t\t<p><strong>Propri\u00e9t\u00e9 intellectuelle<\/strong><br \/>L\u2019ensemble du contenu pr\u00e9sent sur ce site (textes, images, graphismes, logo, videos) est la propri\u00e9t\u00e9<br \/>exclusive de Studio Tech\u2019Ailes, sauf mention contraire. Toute reproduction, distribution ou utilisation sans autorisation est strictement interdite.<\/p>\t\t\t\t\t\t\t\t<\/div>\n\t\t\t\t<\/div>\n\t\t<div class=\"elementor-element elementor-element-ec6cf8b e-con-full e-flex wpr-particle-no wpr-jarallax-no wpr-parallax-no wpr-sticky-section-no e-con e-child\" data-id=\"ec6cf8b\" data-element_type=\"container\" data-e-type=\"container\" data-settings=\"{&quot;background_background&quot;:&quot;classic&quot;}\">\n\t\t\t\t<div class=\"elementor-element elementor-element-27c50bc elementor-widget__width-initial elementor-widget elementor-widget-text-editor\" data-id=\"27c50bc\" data-element_type=\"widget\" data-e-type=\"widget\" data-widget_type=\"text-editor.default\">\n\t\t\t\t\t\t\t\t\t<p><strong>Responsabilit\u00e9<\/strong><br \/>Studio Tech\u2019Ailes s\u2019efforce de fournir des informations aussi pr\u00e9cises que possible. Toutefois, il ne pourra \u00eatre tenu responsable des omissions, inexactitudes ou carences dans la mise \u00e0 jour.<\/p>\t\t\t\t\t\t\t\t<\/div>\n\t\t\t\t<\/div>\n\t\t<div class=\"elementor-element elementor-element-b06a3c0 e-con-full e-flex wpr-particle-no wpr-jarallax-no wpr-parallax-no wpr-sticky-section-no e-con e-child\" data-id=\"b06a3c0\" data-element_type=\"container\" data-e-type=\"container\" data-settings=\"{&quot;background_background&quot;:&quot;classic&quot;}\">\n\t\t\t\t<div class=\"elementor-element elementor-element-8c960f4 elementor-widget__width-initial elementor-widget elementor-widget-text-editor\" data-id=\"8c960f4\" data-element_type=\"widget\" data-e-type=\"widget\" data-widget_type=\"text-editor.default\">\n\t\t\t\t\t\t\t\t\t<p><strong>Donn\u00e9es personnelles<\/strong><br \/>Les informations relatives \u00e0 la collecte et au traitement des donn\u00e9es personnelles sont detaill\u00e9es dans la politique de confidentialite accessible sur le site.<\/p>\t\t\t\t\t\t\t\t<\/div>\n\t\t\t\t<\/div>\n\t\t<div class=\"elementor-element elementor-element-87974e6 e-con-full e-flex wpr-particle-no wpr-jarallax-no wpr-parallax-no wpr-sticky-section-no e-con e-child\" data-id=\"87974e6\" data-element_type=\"container\" data-e-type=\"container\" data-settings=\"{&quot;background_background&quot;:&quot;classic&quot;}\">\n\t\t\t\t<div class=\"elementor-element elementor-element-51b78f4 elementor-widget__width-initial elementor-widget elementor-widget-text-editor\" data-id=\"51b78f4\" data-element_type=\"widget\" data-e-type=\"widget\" data-widget_type=\"text-editor.default\">\n\t\t\t\t\t\t\t\t\t<p><strong>Cookies<\/strong><br \/>Le site peut utiliser des cookies. Pour en savoir plus consulter la politique de cookies.<\/p>\t\t\t\t\t\t\t\t<\/div>\n\t\t\t\t<\/div>\n\t\t\t\t\t<\/div>\n\t\t\t\t<\/div>\n\t\t\t\t<\/div>\n\t\t","protected":false},"excerpt":{"rendered":"<p>\u00c9diteur du siteLe pr\u00e9sent site est \u00e9dit\u00e9 par : E.I GUILLEMOT AURELIENStatut : Entreprise individuelleAdresse : 302 ROUTE DES MONTS DU LYONNAIS 69440 CHABANIERESIRET : 89269054600023Email : agdrev.tz@gmail.comT\u00e9l\u00e9phone : 06 56 77 67 71 PrestataireCr\u00e9ation technique et design par : STUDIO TECH\u2019AILESStatut : Auto-entrepreneurAdresse : 390 chemin de Chateaubourg 69390 MillerySIRET : 49088054900020Email : contact@tech-ailes.com H\u00e9bergementLe site est h\u00e9berg\u00e9 par : OVH2 rue Kellermann 59100 Roubaix Propri\u00e9t\u00e9 intellectuelleL\u2019ensemble du contenu pr\u00e9sent sur ce site (textes, images, graphismes, logo, videos) est la propri\u00e9t\u00e9exclusive de Studio Tech\u2019Ailes, sauf mention contraire. Toute reproduction, distribution ou utilisation sans autorisation est strictement interdite. Responsabilit\u00e9Studio Tech\u2019Ailes s\u2019efforce de fournir des informations aussi pr\u00e9cises que possible. Toutefois, il ne pourra \u00eatre tenu responsable des omissions, inexactitudes ou carences dans la mise \u00e0 jour. Donn\u00e9es personnellesLes informations relatives \u00e0 la collecte et au traitement des donn\u00e9es personnelles sont detaill\u00e9es dans la politique de confidentialite accessible sur le site. CookiesLe site peut utiliser des cookies. Pour en savoir plus consulter la politique de cookies.<\/p>\n","protected":false},"author":1,"featured_media":0,"parent":0,"menu_order":0,"comment_status":"closed","ping_status":"closed","template":"","meta":{"footnotes":""},"class_list":["post-2531","page","type-page","status-publish","hentry"],"_links":{"self":[{"href":"https:\/\/agdespacevert.com\/index.php\/wp-json\/wp\/v2\/pages\/2531","targetHints":{"allow":["GET"]}}],"collection":[{"href":"https:\/\/agdespacevert.com\/index.php\/wp-json\/wp\/v2\/pages"}],"about":[{"href":"https:\/\/agdespacevert.com\/index.php\/wp-json\/wp\/v2\/types\/page"}],"author":[{"embeddable":true,"href":"https:\/\/agdespacevert.com\/index.php\/wp-json\/wp\/v2\/users\/1"}],"replies":[{"embeddable":true,"href":"https:\/\/agdespacevert.com\/index.php\/wp-json\/wp\/v2\/comments?post=2531"}],"version-history":[{"count":7,"href":"https:\/\/agdespacevert.com\/index.php\/wp-json\/wp\/v2\/pages\/2531\/revisions"}],"predecessor-version":[{"id":2540,"href":"https:\/\/agdespacevert.com\/index.php\/wp-json\/wp\/v2\/pages\/2531\/revisions\/2540"}],"wp:attachment":[{"href":"https:\/\/agdespacevert.com\/index.php\/wp-json\/wp\/v2\/media?parent=2531"}],"curies":[{"name":"wp","href":"https:\/\/api.w.org\/{rel}","templated":true}]}}